309 a multiple of 3?
False
Does 37 divide 13962690?
True
Does 12 divide 8776400?
False
Is 8 a factor of 972838?
False
Is 5326491 a multiple of 4?
False
Is 1564011 a multiple of 37?
False
Is 10 a factor of 1517070?
True
Does 17 divide 552925?
True
Does 563 divide 635064?
True
Does 204 divide 287844?
True
Does 152 divide 498634?
False
Does 29 divide 2922387?
False
Is 9939696 a multiple of 54?
False
Is 11 a factor of 370480?
True
Does 62 divide 2731162?
True
Is 536 a factor of 7302464?
True
Is 14 a factor of 4078471?
False
Is 3 a factor of 8759?
False
Does 106 divide 2964263?
False
Is 1078650 a multiple of 17?
True
Is 1575 a factor of 33911325?
True
Is 355925 a multiple of 5?
True
Does 1586 divide 8233899?
False
Is 5246093 a multiple of 211?
True
Does 414 divide 2464049?
False
Is 26 a factor of 898176?
False
Is 410 a factor of 15106?
False
Is 491 a factor of 3101647?
True
Is 109073 a multiple of 192?
False
Does 435 divide 1650390?
True
Is 4016230 a multiple of 223?
True
Is 14 a factor of 405421?
False
Is 7 a factor of 30041?
False
Is 1214357 a multiple of 9?
False
Does 176 divide 147840?
True
Is 23 a factor of 826072?
False
Does 146 divide 51246?
True
Does 36 divide 4493844?
True
Is 498054 a multiple of 102?
False
Is 288174 a multiple of 77?
False
Is 111 a factor of 402891?
False
Is 2745160 a multiple of 34?
True
Is 57 a factor of 729201?
True
Is 4 a factor of 115152?
True
Does 37 divide 91390?
True
Is 119774 a multiple of 25?
False
Is 5 a factor of 77805?
True
Is 7 a factor of 45157?
True
Does 33 divide 10183965?
True
Does 9 divide 8869795?
False
Does 78 divide 1213056?
True
Does 10 divide 568930?
True
Is 126973 a multiple of 7?
True
Is 2112621 a multiple of 34?
False
Is 9346566 a multiple of 24?
False
Is 762929 even?
False
Does 1250 divide 289593?
False
Does 208 divide 3869840?
True
Is 83 a factor of 824219?
False
Does 48 divide 4533731?
False
Is 168 a factor of 307440?
True
Is 82536 a multiple of 122?
False
Is 1951511 a multiple of 675?
False
Does 4 divide 3304363?
False
Is 3 a factor of 1398981?
True
Does 30 divide 4077379?
False
Does 480 divide 117600?
True
Does 113 divide 72998?
True
Is 110446 a multiple of 98?
True
Is 20835 a multiple of 5?
True
Is 4567656 a multiple of 24?
True
Does 635 divide 2348552?
False
Is 66 a factor of 177057?
False
Does 110 divide 61564?
False
Is 279216 a multiple of 18?
True
Is 83260 a multiple of 92?
True
Is 66 a factor of 4937217?
False
Does 9 divide 169776?
True
Is 362 a factor of 170033?
False
Does 983 divide 8667111?
True
Is 373717 a multiple of 20?
False
Does 101 divide 451975?
True
Is 696928 a multiple of 232?
True
Is 12 a factor of 171183?
False
Does 52 divide 1829671?
False
Is 20 a factor of 19493240?
True
Does 64 divide 110372?
False
Does 87 divide 67077?
True
Does 22 divide 358028?
True
Is 359398 a multiple of 129?
False
Is 494816 a multiple of 32?
True
Does 74 divide 4127202?
True
Is 743 a factor of 7767322?
True
Does 165 divide 254100?
True
Is 44476 a multiple of 3?
False
Is 91 a factor of 3068596?
False
Is 6134015 a multiple of 38?
False
Is 146290 a multiple of 16?
False
Does 36 divide 50410?
False
Is 165 a factor of 791670?
True
Does 69 divide 67798?
False
Is 155 a factor of 195455?
True
Is 5682971 a multiple of 30?
False
Is 53116 a multiple of 7?
True
Does 16 divide 43813?
False
Does 2 divide 946013?
False
Is 1764774 a multiple of 18?
True
Is 1086372 a multiple of 27?
True
Is 757568 a multiple of 28?
True
Does 6 divide 112740?
True
Is 622 a factor of 15813106?
True
Is 159 a factor of 194195?
False
Is 30 a factor of 823711?
False
Does 35 divide 5496636?
False
Is 24 a factor of 315696?
True
Is 700921 a multiple of 180?
False
Is 9 a factor of 2676191?
False
Is 817 a factor of 15446202?
True
Does 68 divide 128744?
False
Does 206 divide 24926?
True
Is 3987806 a multiple of 26?
False
Does 148 divide 28715362?
False
Is 308 a factor of 213489?
False
Is 169932 a multiple of 34?
True
Does 73 divide 299151?
False
Does 311 divide 931134?
True
Does 17 divide 13163933?
True
Is 3495540 a multiple of 17?
True
Is 313 a factor of 3623601?
True
Is 466802 a multiple of 143?
False
Does 22 divide 13266?
True
Is 2445865 a multiple of 656?
False
Is 6596257 a multiple of 1194?
False
Does 6 divide 22653?
False
Is 1259 a factor of 2655999?
False
Is 451530 a multiple of 173?
True
Is 4626759 a multiple of 463?
True
Is 115 a factor of 3801416?
False
Does 26 divide 27150?
False
Is 7503366 a multiple of 32?
False
Is 481028 a multiple of 49?
False
Is 342 a factor of 101574?
True
Is 138 a factor of 17273875?
False
Does 974 divide 369424?
False
Is 5 a factor of 363515?
True
Is 2788858 a multiple of 929?
True
Does 220 divide 1445883?
False
Does 38 divide 1264701?
False
Is 90 a factor of 351180?
True
Does 6 divide 315220?
False
Is 2179872 a multiple of 32?
True
Is 3329507 a multiple of 66?
False
Is 31027 a multiple of 15?
False
Is 181 a factor of 61540?
True
Is 227 a factor of 65830?
True
Is 15945421 a multiple of 131?
False
Does 330 divide 741840?
True
Does 68 divide 7390015?
False
Does 125 divide 1333342?
False
Is 15 a factor of 1178760?
True
Is 613408 a multiple of 120?
False
Is 542 a factor of 9799902?
True
Is 351 a factor of 1002640?
False
Does 8 divide 11681240?
True
Is 43 a factor of 20302493?
True
Does 336 divide 864720?
False
Is 3 a factor of 1828572?
True
Is 1045 a factor of 6266865?
True
Does 36 divide 2438640?
True
Is 13974 a multiple of 7?
False
Is 29 a factor of 4714733?
True
Is 1935976 a multiple of 764?
True
Is 15509 a multiple of 11?
False
Does 18 divide 169113?
False
Is 28 a factor of 5967024?
True
Does 36 divide 145017?
False
Does 4 divide 3201?
False
Is 203144 a multiple of 112?
False
Is 309141 a multiple of 46?
False
Is 355174 a multiple of 691?
True
Is 127 a factor of 83439?
True
Is 142912 a multiple of 224?
True
Does 8 divide 1208552?
True
Is 254 a factor of 1727081?
False
Does 122 divide 104310?
True
Is 290 a factor of 1141467?
False
Is 1741775 a multiple of 3?
False
Is 37 a factor of 23814?
False
Is 43 a factor of 466129?
False
Does 4 divide 420613?
False
Does 202 divide 4163467?
False
Does 26 divide 2361525?
False
Is 455704 a multiple of 22?
False
Does 138 divide 162426?
True
Does 11 divide 16039661?
True
Is 14747571 a multiple of 201?
True
Is 3 a factor of 3126048?
True
Is 2144876 a multiple of 4?
True
Does 23 divide 220455?
True
Does 116 divide 337297?
False
Is 640766 a multiple of 14?
True
Does 1249 divide 5321989?
True
Is 46 a factor of 413356?
True
Does 63 divide 289210?
False
Is 316192 a multiple of 17?
False
Is 6 a factor of 283158?
True
Is 606515 a multiple of 403?
True
Is 2787600 a multiple of 120?
True
Is 2084730 a multiple of 15?
True
Does 9 divide 225837?
True
Is 792936 a multiple of 54?
True
Is 102598 a multiple of 86?
True
Is 79 a factor of 287282?
False
Is 63 a factor of 241164?
True
Does 18 divide 526590?
True
Does 325 divide 2542150?
True
Is 85 a factor of 6890865?
True
Is 29 a factor of 610044?
True
Is 177565 a multiple of 85?
True
Does 16 divide 41200?
True
Is 258876 a multiple of 162?
True
Is 25 a factor of 172650?
True
Is 1049446 a multiple of 2?
True
Is 62 a factor of 822306?
True
Does 62 divide 142662?
True
Is 79806 even?
True
Is 11 a factor of 572143?
True
Is 277 a factor of 67694?
False
Does 131 divide 302926?
False
Is 5 a factor of 747915?
True
Does 253 divide 338377?
False
Is 70634 a multiple of 14?
False
Is 54 a factor of 364810?
False
Is 94975 a multiple of 25?
True
Is 375 a factor of 209458?
False
Does 184 divide 2119022?
False
Is 40 a factor of 1322369?
False
Does 12 divide 26415539?
False
Is 379394 a multiple of 514?
False
Is 53 a factor of 3187702?
False
Is 83838 a multiple of 6?
True
Is 48268 a multiple of 11?
True
Does 126 divide 54769?
False
Is 134 a factor of 2337764?
True
Is 3 a factor of 3038074?
False
Is 54 a factor of 4458510?
True
Is 46908 a multiple of 9?
True
Does 406 divide 615090?
True
Is 8 a factor of 587076?
False
Does 31 divide 1932075?
True
Is 3224216 a multiple of 17?
False
Does 48 divide 512016?
True
Is 10 a factor of 1010828?
False
Is 1782 a multiple of 53?
False
Is 517 a factor of 7700928?
False
Is 14 a factor of 195561?
False
Does 57 divide 1594823?
False
Is 149 a factor of 16934?
False
Is 10 a factor of 9916620?
True
Does 235 divide 170375?
True
Is